is divided by 69.
66
Calculate the remainder when 41608 is divided by 279.
37
What is the remainder when 8072 is divided by 65?
12
Calculate the remainder when 11955 is divided by 92.
87
What is the remainder when 7329 is divided by 1423?
214
What is the remainder when 2998 is divided by 116?
98
Calculate the remainder when 1555 is divided by 488.
91
Calculate the remainder when 69916 is divided by 5.
1
What is the remainder when 6870 is divided by 45?
30
Calculate the remainder when 828 is divided by 52.
48
What is the remainder when 3474 is divided by 22?
20
Calculate the remainder when 36569 is divided by 621.
551
Calculate the remainder when 371255 is divided by 62.
61
What is the remainder when 2152 is divided by 2113?
39
What is the remainder when 1865 is divided by 110?
105
What is the remainder when 10840 is divided by 95?
10
Calculate the remainder when 4042 is divided by 711.
487
Calculate the remainder when 81935 is divided by 33.
29
What is the remainder when 5724 is divided by 117?
108
Calculate the remainder when 5339618 is divided by 9.
8
What is the remainder when 88590 is divided by 36?
30
What is the remainder when 7397 is divided by 25?
22
Calculate the remainder when 7510 is divided by 330.
250
What is the remainder when 193404 is divided by 28?
8
Calculate the remainder when 2536 is divided by 253.
6
Calculate the remainder when 49195 is divided by 25.
20
Calculate the remainder when 39824 is divided by 52.
44
What is the remainder when 15970 is divided by 72?
58
Calculate the remainder when 38456 is divided by 315.
26
What is the remainder when 293 is divided by 31?
14
What is the remainder when 84217 is divided by 54?
31
Calculate the remainder when 1010 is divided by 498.
14
Calculate the remainder when 2893 is divided by 604.
477
What is the remainder when 57179 is divided by 29?
20
What is the remainder when 915462 is divided by 22886?
22
What is the remainder when 6593 is divided by 594?
59
Calculate the remainder when 69783 is divided by 13.
12
What is the remainder when 334872 is divided by 95?
92
Calculate the remainder when 596327 is divided by 9618.
11
Calculate the remainder when 71982 is divided by 1285.
22
Calculate the remainder when 64522 is divided by 12.
10
What is the remainder when 219629 is divided by 680?
669
Calculate the remainder when 191644 is divided by 169.
167
What is the remainder when 66810 is divided by 502?
44
What is the remainder when 1966300 is divided by 54?
52
Calculate the remainder when 951 is divided by 858.
93
Calculate the remainder when 91194 is divided by 1573.
1533
What is the remainder when 6133 is divided by 621?
544
Calculate the remainder when 707 is divided by 339.
29
What is the remainder when 5940 is divided by 13?
12
Calculate the remainder when 9407 is divided by 70.
27
What is the remainder when 1530 is divided by 265?
205
Calculate the remainder when 1676 is divided by 1654.
22
What is the remainder when 19297 is divided by 537?
502
What is the remainder when 423390 is divided by 960?
30
What is the remainder when 6355 is divided by 6320?
35
Calculate the remainder when 1700 is divided by 63.
62
What is the remainder when 8911 is divided by 107?
30
Calculate the remainder when 6922 is divided by 1120.
202
What is the remainder when 1590 is divided by 140?
50
Calculate the remainder when 20428 is divided by 433.
77
Calculate the remainder when 53673 is divided by 2981.
15
What is the remainder when 4925365 is divided by 285?
280
What is the remainder when 5737 is divided by 527?
467
Calculate the remainder when 183249 is divided by 371.
346
Calculate the remainder when 80543 is divided by 1830.
23
What is the remainder when 152847 is divided by 371?
366
Calculate the remainder when 127811 is divided by 33.
2
Calculate the remainder when 2035 is divided by 34.
29
Calculate the remainder when 468423 is divided by 31.
13
What is the remainder when 10228 is divided by 1055?
733
Calculate the remainder when 24519 is divided by 1365.
1314
What is the remainder when 18010 is divided by 334?
308
Calculate the remainder when 1112 is divided by 168.
104
What is the remainder when 154660 is divided by 13?
12
What is the remainder when 25028 is divided by 136?
4
What is the remainder when 601018 is divided by 189?
187
What is the remainder when 1491 is divided by 399?
294
Calculate the remainder when 5162 is divided by 57.
32
Calculate the remainder when 2802 is divided by 697.
14
Calculate the remainder when 11406 is divided by 5697.
12
What is the remainder when 99358 is divided by 99339?
19
What is the remainder when 51924 is divided by 611?
600
Calculate the remainder when 14798 is divided by 717.
458
Calculate the remainder when 107975 is divided by 6351.
8
What is the remainder when 24428 is divided by 38?
32
Calculate the remainder when 72564 is divided by 274.
228
Calculate the remainder when 4682 is divided by 198.
128
What is the remainder when 1580 is divided by 108?
68
Calculate the remainder when 13683 is divided by 978.
969
What is the remainder when 13710 is divided by 13704?
6
Calculate the remainder when 51070 is divided by 79.
36
What is the remainder when 33916 is divided by 64?
60
What is the remainder when 85338 is divided by 31?
26
Calculate the remainder when 84852 is divided by 209.
207
What is the remainder when 1386041 is divided by 427?
426
Calculate the remainder when 7088 is divided by 192.
176
What is the remainder when 29069 is divided by 46?
43
Calculate the remainder when 876 is divided by 450.
426
Calculate the remainder when 28047 is divided by 312.
279
Calculate the remainder when 118297 is divided by 26.
23
What is the remainder when 2048978 is divided by 265?
263
What is the remainder when 68551 is divided by 41?
40
What is the remainder when 12412 is divided by 105?
22
What is the remainder when 14755 is divided by 14558?
197
What is the remainder when 8905 is divided by 432?
265
Calculate the remainder when 29942 is divided by 46.
42
Calculate the remainder when 2164355 is divided by 1082172.
11
Calculate the remainder when 1299 is divided by 229.
154
Calculate the remainder when 11448 is divided by 117.
99
What is the remainder when 77 is divided by 21?
14
Calculate the remainder when 10435 is divided by 2486.
491
Calculate the remainder when 8452 is divided by 4141.
170
Calculate the remainder when 16073 is divided by 18.
17
Calculate the remainder when 241414 is divided by 36.
34
What is the remainder when 8868 is divided by 69?
36
Calculate the remainder when 2822 is divided by 314.
310
Calculate the remainder when 6703 is divided by 464.
207
Calculate the remainder when 52687 is divided by 7526.
5
Calculate the remainder when 67122 is divided by 346.
344
What is the remainder when 41739 is divided by 623?
621
Calculate the remainder when 18668 is divided by 172.
92
Calculate the remainder when 4917 is divided by 1217.
49
Calculate the remainder when 13955 is divided by 775.
5
What is the remainder when 7233 is divided by 1501?
1229
Calculate the remainder when 42761 is divided by 533.
121
What is the remainder when 25326 is divided by 72?
54
Calculate the remainder when 10581 is divided by 63.
60
Calculate the remainder when 12706 is divided by 2.
0
Calculate the remainder when 450848 is divided by 11271.
8
What is the remainder when 6555 is divided by 90?
75
What is the remainder when 344983 is divided by 86241?
19
Calculate the remainder when 2877 is divided by 1113.
651
What is the remainder when 64641 is divided by 17?
7
Calculate the remainder when 32469 is divided by 416.
21
Calculate the remainder when 4287 is divided by 13.
10
What is the remainder when 122116 is divided by 511?
498
Calculate the remainder when 17156 is divided by 110.
106
Calculate the remainder when 572 is divided by 272.
28
Calculate the remainder when 68834 is divided by 57.
35
What is the remainder when 10127 is divided by 77?
40
What is the remainder when 657 is divided by 601?
56
What is the remainder when 3330 is divided by 176?
162
Calculate the remainder when 3503 is divided by 580.
23
What is the remainder when 197 is divided by 19?
7
What is the remainder when 29442 is divided by 44?
6
Calculate the remainder when 37899 is divided by 227.
217
C